o(g) = 0 + 11*g - 10*g + 8 + 2. Let d be o(-3). What is q(d)?
-5
Suppose 3*o = o. Suppose o = 4*j - 5*j + 6. Let x(s) be the first derivative of -s**3/3 + 3*s**2 - 38. Give x(j).
0
Let y(g) = g**2 - 4*g - 3. Suppose -2*i - 4*o + 22 = 0, o + 3*o = 16. Let j(c) = -c. Let w(f) = i*j(f) + y(f). Calculate w(7).
-3
Let k = 68 + -66. Let z(u) be the first derivative of -2/3*u**3 - 4 - u**k + 2*u. What is z(-2)?
-2
Let q(k) = -2*k + 4. Let v(n) = 4*n + 51. Let p be v(-12). Suppose -2 = -p*l + 13. What is q(l)?
-6
Suppose -4*v = 3*q - 15, 4*q = 4*v + v + 20. Let j(w) = -2*w - 2. Give j(q).
-12
Let c(o) = 2*o**3 - 20*o**2 + 4*o - 45. Let h be c(10). Let p(f) = f**3 + f**2 - 5*f + 2. Calculate p(h).
-73
Let t(u) be the third derivative of -u**7/840 - 7*u**6/360 - u**5/30 - u**4/12 + 5*u**3/3 + 6*u**2. Let p(k) be the first derivative of t(k). Calculate p(-6).
-14
Let x(q) = -3*q**3 + 3*q**2 + 10*q - 24. Let o(m) = -m**3 + 2*m**2 + 4*m - 11. Let u(n) = 5*o(n) - 2*x(n). Give u(-3).
2
Let s(b) be the first derivative of -b**2/2 + 16*b + 143. Determine s(9).
7
Let f(n) = 4*n**2 - 3762 - n**3 + 3753 - 7*n - 9*n**2. Give f(-3).
-6
Let h(l) = -l - 14. Let j be h(-14). Suppose 5*u + 15 - 65 = j. Let m(o) = u - o - 3 - 8. What is m(-5)?
4
Let r(z) = z**2 + 8 - 161*z + 164*z - z**3 - 10. What is r(2)?
0
Let v(q) = -2*q**3 + q**2 + q + 1. Suppose -5*y = 2*p - 18, 5*y + 4*p - 3*p = 14. Suppose -r - y*a + 11 = a, -3*a = -r - 13. What is v(r)?
3
Let h(u) = 5 - 5*u + 6*u**2 - 9 + u**3 + 0*u**3 - 1. Calculate h(-7).
-19
Suppose 0 = 5*n - 5*v - 250, 244 = -n + 6*n - 3*v. Suppose 4 = q, 0*q + n = 5*x + 3*q. Let d(l) = -l + 2. Give d(x).
-5
Let o(a) = -a - 6. Suppose -2*k = 3*b + 15, k + 24*b + 15 = 21*b. Determine o(k).
-6
Let f = 44 + -25. Suppose f*w = 20*w - 6. Suppose -3*m = -0*m - 3*y - 6, 5*y = 3*m - w. Let q(l) = -2*l**2 + 3*l - 1. Determine q(m).
-3
Let d(i) be the third derivative of -i**7/5040 - i**6/144 - 2*i**5/15 + 10*i**2. Let p(m) be the third derivative of d(m). Give p(-7).
2
Suppose 3*v - 10 = -1. Let z(t) = 9*t**2 + t + 0*t**3 - t**3 - 8*t**2 + 0*t**2 - v. Calculate z(0).
-3
Let t(l) = -l + 1. Let d(r) = -r + 1. Let k(q) = -q**2 - q - 1. Let c be k(-3). Let u be d(c). Suppose 3*g + u = -1. What is t(g)?
4
Let z(f) = -f**3 + f + 4. Suppose 3*p + g + 55 = -234, -4*g + 216 = -2*p. Let o = p + 98. Give z(o).
4
Let d(v) = -3*v**2 - 7*v - 7. Let z(t) = -t**2 - 3*t - 3. Let l(h) = 2*d(h) - 5*z(h). Let j be 1176/119 + -11 - (-6)/51. What is l(j)?
-1
Let s be -4*(0 + 1)*-1. Let u = 19 + -4. Let i(d) = u*d - 25*d + 11*d. Determine i(s).
4
Let w(n) = -2 - 13*n + 0 - 1 + 6*n. Calculate w(-2).
11
Let y(j) be the second derivative of j**3/6 + 5*j**2/2 - 6*j. Let w(n) = -3*n**2 + 5*n + 7. Suppose -4*v = -0*v - 12. Let g be w(v). What is y(g)?
0
Let w(s) be the third derivative of -s**7/840 + s**6/180 + s**5/120 - s**4/12 - 11*s**3/3 - s**2. Let g(n) be the first derivative of w(n). Determine g(-2).
12
Let h = -11 + 16. Let w(q) be the third derivative of -q**5/60 + 5*q**4/24 - 8*q**2. What is w(h)?
0
Let t(d) be the third derivative of 1/12*d**4 + 4*d**2 + 0*d - 2/3*d**3 + 0. Suppose 5*n + 7 = -8. Calculate t(n).
-10
Let k = -20 - -23. Let m be (16/(-4) + k)*5. Let z(f) = -4*f**2 + 8*f - 10. Let t(g) = 3*g**2 - 7*g + 9. Let n(y) = 5*t(y) + 4*z(y). Give n(m).
-5
Let u(f) = -15 + 6*f + 34 - 4*f**2 - f - 11 - 3*f. Determine u(-2).
-12
Suppose 5*p - 11 + 51 = 0. Let o(i) = -i + 7. Let a(x) = -4*x + 20. Let z(b) = 4*a(b) - 14*o(b). Let w be z(p). Let c(m) = m**3 + m**2 - m - 2. Calculate c(w).
-4
Let c be 66/(-9) + 2/6. Let p(z) = -4*z**2 + 50 - 40*z - 47 + 46*z + 5*z**2. What is p(c)?
10
Let k(a) be the first derivative of -2*a**3/3 + a**2 + a + 1. Let f = 124 - 107. Suppose f*u - 45 = 6. Calculate k(u).
-11
Let r(c) be the first derivative of c**4/12 - 7*c**3/6 + 3*c**2 - 20*c - 11. Let p(m) be the first derivative of r(m). Give p(5).
-4
Let x(t) be the third derivative of -t**8/20160 + 13*t**7/5040 + t**6/144 + 7*t**5/12 + t**2. Let y(s) be the third derivative of x(s). Determine y(13).
5
Let q = -3 + -1. Let z(c) be the second derivative of -c**3/6 - 4*c**2 - 282*c. What is z(q)?
-4
Let r(w) = -3*w + 24. Let b be r(6). Let q(a) = -6*a + 2*a - 4 + a**2 + b*a. What is q(-3)?
-1
Let w(c) = 7*c**3 + c**2 + 6*c + 5. Let a(f) = -f**3 + f**2. Let l(d) = 5*d**3 - 5*d**2. Let h(v) = 4*a(v) + l(v). Let t(n) = -6*h(n) + w(n). Determine t(-6).
5
Let s(m) be the third derivative of m**8/6720 + m**7/420 - m**6/90 - m**5/40 + 17*m**4/24 - 14*m**2. Let p(z) be the second derivative of s(z). What is p(-7)?
4
Let n(b) be the third derivative of 19*b**6/120 - b**3/2 - 16*b**2. Let t(u) = -57*u**3 + 10. Let d(x) = -7*n(x) - 2*t(x). What is d(-1)?
20
Let v = 3 + -6. Let c = v + 4. Let d(l) = -14*l**2 - 2*l + 450 + 3*l - 896 + 445. What is d(c)?
-14
Let g(d) = 2*d**3 + 4*d**2 - d + 4. Let l(b) = 6*b**3 + 11*b**2 - 3*b + 11. Let f(n) = -11*g(n) + 4*l(n). Let u = 217 + -219. Give f(u).
-14
Let v = 33 + -22. Let f = -8 + v. Let t(j) = -11*j - 7 - 12*j + 29*j - j**f - 5*j**2. Give t(-6).
-7
Let g be -3 - ((-4)/8*2 - 2). Let p be -3 - (g - -2 - -2). Let k(z) = 3*z**2 + z**3 - z + 2 + 0*z + 4*z**2. Give k(p).
9
Suppose -14*p + 340 = 284. Let w(s) = s - 2. Let g(c) = -12*c + 27. Let u(d) = -2*g(d) - 27*w(d). Calculate u(p).
-12
Let s be 3 - 3*(-3)/(-9). Let t(k) = 2*k**2 + k - 10*k**2 + 8*k**2 + k**3. Determine t(s).
10
Let t(j) = j**3 - 10*j**2 - 2*j + 22. Let q be t(10). Let f(h) = -107*h**2 + 2*h + 109*h**2 - q*h - 3*h. Suppose a + 2 - 4 = 0. What is f(a)?
2
Let a(o) = o**3 + 14*o**2 - o - 16. Let c = 1046 - 1060. Give a(c).
-2
Let z(t) be the first derivative of -1/4*t**4 - 7/2*t**2 + 5*t + 9 + 7/3*t**3. Give z(6).
-1
Let y(i) = -6*i**2 + 37*i - 3 + i**3 + 21*i - 60*i. What is y(6)?
-15
Let r(u) = u**3 - 10*u**2 + 8*u + 5. Let w(s) = s**2 + 10*s + 9. Let g be w(-9). Suppose g = -10*t + 7*t + 27. What is r(t)?
-4
Let r be 5 + (-56)/12 + 26/(-6). Let a be (32/(-48))/(r/(-6)). Let i(l) = 9*l**3 - l**2 + 1. Calculate i(a).
-9
Let c(j) be the first derivative of 1/2*j**2 + 29 - j. Calculate c(6).
5
Let x(l) be the third derivative of -l**6/120 + l**5/5 - 5*l**4/12 - 3*l**3/2 + 11*l**2. Give x(11).
2
Let y(k) = k. Let h(t) = t**2 + 7*t. Let c be h(-7). Suppose -38 = 5*b + j - 0*j, -b - 4*j = c. Calculate y(b).
-8
Let c(s) = -s - 3. Suppose -y + o = -5*y + 5, -13 = y + 5*o. Suppose 76 = y*x + w, -5*w + 56 = 2*x - x. Suppose 0 = -3*u + 9*u + x. Determine c(u).
3
Suppose -y - y - 24 = 0. Let m = 14 + y. Let k(l) = -3*l**2 + 1 + 8*l + 1 - l**3 + m. Give k(-5).
14
Let n = -7 - -11. Let u(b) be the first derivative of 5/2*b**2 + 1/4*b**4 - 5/3*b**3 + 4*b - 35. Give u(n).
8
Let h(q) be the first derivative of -q**2/2 - 6*q + 2. Suppose -147*w - 409 - 238 = 88. Give h(w).
-1
Let d(j) = -j. Let u be d(1). Suppose -5*t - 33 = -3*q - 10*t, 3 = t. Let b(w) = -q + 2 + 3 + 44*w - 39*w. Give b(u).
-6
Let m(j) = j**2 - 6*j + 1. Suppose -2*c = 2*i + 36, -3*c - 51 = i + 3*i. Let v be (-123)/c - -1*2/14. Calculate m(v).
1
Let c(v) = 8*v**2 - 6*v - 11. Let u(t) = 11*t**2 - 5*t - 12. Let d(g) = 4*c(g) - 3*u(g). Let y(b) = -2*b + 7. Let n be y(7). What is d(n)?
6
Let n(v) = 7*v**3 - 2*v**3 + 2*v - v. Suppose -4 = -t - 2*h, -4*t - 5*h + 19 + 3 = 0. Suppose 5 = -t*s - 3. Determine n(s).
-6
Let w(x) = -3*x + 12. Let l be w(3). Suppose 2*u + 4 = -j + 15, l*u - 24 = -4*j. Let g(z) = -2*z**2 + 5*z + 3. Determine g(u).
-9
Let m(o) = o**2 - 4*o - 7. Let f(w) = -2*w + 29. Let b be f(12). What is m(b)?
-2
Let m(v) = -5 - 2*v + 3 - 2*v**3 - 5*v**2 + 4. Suppose -9*u - 185 + 158 = 0. Determine m(u).
17
Let a(q) be the second derivative of q**5/20 + q**4/3 - 2*q**3/3 - 9*q**2/2 + 2*q - 104. Give a(-3).
12
Suppose 3*j - 16 = 4*s, 2*j + 3 - 25 = -3*s. Let c(u) = 7*u + 7. Let l(x) = 19*x + 20. Let o(g) = 11*c(g) - 4*l(g). Give o(j).
5
Let b(j) = 5*j**2 + 2*j + 1. Let p(h) = -14*h**2 - 5*h - 3. Let y(l) = -17*b(l) - 6*p(l). Let r = 5059 - 5063. Give y(r).
1
Let b(h) = -7*h + 9. Let q = 111 + -105. Determine b(q).
-33
Let k be (-28)/63*(-9)/2 + 0. Let s(i) = -5 - i + 1 + k + 9. Give s(0).
7
Let g(t) be the first derivative of -t**6/120 - t**5/60 - t**4/24 - t**3/6 + 11*t**2/2 + 42. Let x(d) be the second derivative of g(d). Give x(-1).